ousands digit of 1439688?
9
What is the tens digit of 1362725?
2
What is the hundred thousands digit of 1742984?
7
What is the tens digit of 269877?
7
What is the tens digit of 533896?
9
What is the ten thousands digit of 1030894?
3
What is the hundreds digit of 287661?
6
What is the thousands digit of 1906521?
6
What is the tens digit of 177829?
2
What is the units digit of 1138436?
6
What is the hundreds digit of 775071?
0
What is the hundred thousands digit of 1048687?
0
What is the units digit of 11179540?
0
What is the tens digit of 248847?
4
What is the thousands digit of 18097?
8
What is the ten thousands digit of 1205880?
0
What is the thousands digit of 26834279?
4
What is the hundred thousands digit of 38360419?
3
What is the hundred thousands digit of 596117?
5
What is the hundred thousands digit of 122334?
1
What is the tens digit of 1399908?
0
What is the tens digit of 2333228?
2
What is the thousands digit of 795543?
5
What is the ten thousands digit of 154824?
5
What is the tens digit of 9035746?
4
What is the hundreds digit of 1059867?
8
What is the tens digit of 197739?
3
What is the thousands digit of 969002?
9
What is the ten thousands digit of 1231480?
3
What is the ten thousands digit of 405000?
0
What is the tens digit of 2502516?
1
What is the units digit of 3796163?
3
What is the ten thousands digit of 6755340?
5
What is the thousands digit of 226109?
6
What is the hundred thousands digit of 10791203?
7
What is the tens digit of 27393507?
0
What is the tens digit of 26719814?
1
What is the units digit of 58092?
2
What is the hundred thousands digit of 581533?
5
What is the tens digit of 649570?
7
What is the ten thousands digit of 22133?
2
What is the millions digit of 25512872?
5
What is the ten thousands digit of 698450?
9
What is the hundreds digit of 666007?
0
What is the hundred thousands digit of 246190?
2
What is the hundreds digit of 7633992?
9
What is the ten thousands digit of 4126316?
2
What is the units digit of 189746?
6
What is the units digit of 16858365?
5
What is the tens digit of 139053?
5
What is the hundreds digit of 3179284?
2
What is the ten thousands digit of 2237688?
3
What is the millions digit of 2136786?
2
What is the ten thousands digit of 939278?
3
What is the hundred thousands digit of 928000?
9
What is the units digit of 359712?
2
What is the ten thousands digit of 15325024?
2
What is the units digit of 219816?
6
What is the tens digit of 259577?
7
What is the thousands digit of 310764?
0
What is the units digit of 849606?
6
What is the thousands digit of 18841582?
1
What is the hundred thousands digit of 4488501?
4
What is the hundreds digit of 3727027?
0
What is the millions digit of 3632051?
3
What is the ten thousands digit of 8107463?
0
What is the ten thousands digit of 9639494?
3
What is the ten thousands digit of 884995?
8
What is the ten thousands digit of 534297?
3
What is the units digit of 1859644?
4
What is the units digit of 1147516?
6
What is the ten thousands digit of 127115?
2
What is the tens digit of 22328?
2
What is the hundred thousands digit of 29477752?
4
What is the hundred thousands digit of 2507395?
5
What is the thousands digit of 10695?
0
What is the ten thousands digit of 1267087?
6
What is the hundreds digit of 91307?
3
What is the hundreds digit of 75988?
9
What is the hundreds digit of 74888?
8
What is the hundreds digit of 3059201?
2
What is the millions digit of 11839688?
1
What is the tens digit of 617959?
5
What is the ten thousands digit of 3223570?
2
What is the units digit of 36253?
3
What is the tens digit of 7485563?
6
What is the tens digit of 511703?
0
What is the tens digit of 1099074?
7
What is the hundreds digit of 5450197?
1
What is the thousands digit of 34912972?
2
What is the thousands digit of 6801237?
1
What is the thousands digit of 14167979?
7
What is the tens digit of 1030622?
2
What is the thousands digit of 317275?
7
What is the thousands digit of 36318?
6
What is the tens digit of 250396?
9
What is the thousands digit of 269729?
9
What is the thousands digit of 110734?
0
What is the ten thousands digit of 1576242?
7
What is the hundred thousands digit of 136736?
1
What is the hundred thousands digit of 293267?
2
What is the thousands digit of 887000?
7
What is the hundred thousands digit of 1523363?
5
What is the hundred thousands digit of 21282373?
2
What is the hundred thousands digit of 1761081?
7
What is the hundreds digit of 1282518?
5
What is the ten thousands digit of 944089?
4
What is the hundred thousands digit of 23420023?
4
What is the thousands digit of 62289?
2
What is the units digit of 49193?
3
What is the tens digit of 97646?
4
What is the ten thousands digit of 345010?
4
What is the hundreds digit of 9847068?
0
What is the units digit of 2596506?
6
What is the tens digit of 884713?
1
What is the hundreds digit of 9366186?
1
What is the ten thousands digit of 623670?
2
What is the ten thousands digit of 1113000?
1
What is the tens digit of 5948142?
4
What is the units digit of 591175?
5
What is the hundreds digit of 261033?
0
What is the hundreds digit of 4520548?
5
What is the ten thousands digit of 197115?
9
What is the hundred thousands digit of 2027933?
0
What is the ten thousands digit of 6827442?
2
What is the hundred thousands digit of 16683493?
6
What is the hundreds digit of 798177?
1
What is the ten thousands digit of 936149?
3
What is the tens digit of 2748739?
3
What is the hundreds digit of 10058885?
8
What is the tens digit of 231968?
6
What is the tens digit of 13377611?
1
What is the hundreds digit of 1536686?
6
What is the tens digit of 8533395?
9
What is the tens digit of 8802?
0
What is the tens digit of 3049143?
4
What is the ten thousands digit of 3188004?
8
What is the tens digit of 2549553?
5
What is the tens digit of 11737246?
4
What is the ten thousands digit of 234292?
3
What is the tens digit of 888707?
0
What is the hundred thousands digit of 4758455?
7
What is the ten thousands digit of 477877?
7
What is the hundreds digit of 4759577?
5
What is the ten thousands digit of 6211166?
1
What is the hundred thousands digit of 225303?
2
What is the hundreds digit of 253905?
9
What is the thousands digit of 3008818?
8
What is the thousands digit of 100189?
0
What is the hundred thousands digit of 4589086?
5
What is the hundreds digit of 4172709?
7
What is the units digit of 1992405?
5
What is the hundreds digit of 17988005?
0
What is the thousands digit of 1346600?
6
What is the tens digit of 35837402?
0
What is the hundred thousands digit of 17501011?
5
What is the millions digit of 9001824?
9
What is the millions digit of 2355853?
2
What is the units digit of 755104?
4
What is the hundred thousands digit of 3587842?
5
What is the millions digit of 18444985?
8
What is the units digit of 415773?
3
What is the hundred thousands digit of 1781041?
7
What is the tens digit of 7474732?
3
What is the thousands digit of 615289?
5
What is the hundred thousands digit of 4534721?
5
What is the thousands digit of 1514996?
4
What is the thousands digit of 20536254?
6
What is the ten thousands digit of 236127?
3
What is the units digit of 89107?
7
What is the units digit of 7571588?
8
What is the hundred thousands digit of 5151526?
1
What is the hundreds digit of 7401251?
2
What is the thousands digit of 914369?
4
What is the ten thousands digit of 12649611?
4
What is the thousands digit of 20483213?
3
What is the tens digit of 223007?
0
What is the millions digit of 2570908?
2
What is the units digit of 6272?
2
What is the ten thousands digit of 5545474?
4
What is the thousands digit of 1331684?
1
What is the ten thousands digit of 78082?
7
What is the hundreds digit of 38087?
0
What is the ten thousands digit of 68803?
6
What is the millions digit of 3631209?
3
What is the ten thousands digit of 946652?
4
What is the thousands digit of 95902?
5
What is the ten thousands digit of 158353?
5
What is the ten thousands digit of 352209?
5
What is the thousands digit of 1171797?
1
What is the hundred thousands digit of 7735280?
7
What is the tens digit of 1121805?
0
What is the hundred thousands digit of 102845?
1
What is the ten thousands digit of 1901883?
0
What is the hundred thousands digit of 4801249?
8
